2).
-2265
Let f(c) = -17039*c - 69962. Give f(-4).
-1806
Let x(i) = -i + 595. Give x(42).
553
Let n(r) = 1344374*r - 14788110. Calculate n(11).
4
Let z(a) = a**2 - 360*a + 1080. Determine z(3).
9
Let v(c) = -158870*c - 158992. Give v(-1).
-122
Let d(p) = -p**2 + 449*p + 422340. Give d(-463).
84
Let o(c) = -3*c**3 - 53*c**2 + 432*c + 8259. What is o(-15)?
-21
Let j(s) = s**3 - 1031*s**2 + 6198*s - 49208. What is j(1025)?
-8
Let s(q) = 52*q - 3312. Give s(64).
16
Let p(c) = c**3 + 90*c**2 - 139*c - 4384. Calculate p(-91).
-16
Let s(u) = 11206*u + 112120. Give s(-10).
60
Let r(k) = k**2 - 19351*k - 1573992. What is r(-81)?
0
Let a(w) = -w**2 - 713*w + 77596. Calculate a(96).
-68
Let l(g) = 371*g + 17432. Calculate l(-47).
-5
Let o(d) = -5*d**3 - 10*d**2 - d - 24. Calculate o(3).
-252
Let q(s) = -41601*s + 956821. What is q(23)?
-2
Let h(l) = -574*l + 1783. What is h(5)?
-1087
Let b(h) = 1157*h - 174688. What is b(151)?
19
Let r(d) = -d**3 + 623*d**2 - 672*d + 31094. Give r(622).
-6
Let m(u) = u**3 + 10*u**2 + 37*u + 273. Determine m(-10).
-97
Let p(w) = -373*w + 7552. Give p(20).
92
Let v(i) = i**3 + 141*i**2 + 275*i - 412. Give v(-139).
5
Let q(j) = 4225*j + 262070. What is q(-62)?
120
Let x(g) = g**3 + 108*g**2 + 112*g + 5. What is x(-1)?
0
Let z(a) = 12*a**2 + 23*a - 262. Give z(-6).
32
Let x(w) = w**3 + 44*w**2 - 851*w - 471. Give x(15).
39
Let z(t) = 1554*t + 2637. Calculate z(-2).
-471
Let v(d) = -4*d**3 - 48*d**2 - 4347*d - 47402. Determine v(-11).
-69
Let i(m) = 85*m + 6955. What is i(-31)?
4320
Let f(s) = s**2 - 105*s + 2815. Give f(72).
439
Let m(g) = 113*g**2 + 1260*g + 3790. Give m(-3).
1027
Let s(j) = 3*j**3 - 185*j**2 + 58*j + 903. What is s(61)?
-3001
Let b(y) = -y**2 + 852*y + 38529. Give b(-43).
44
Let j(z) = -123827*z - 1238276. What is j(-10)?
-6
Let l(i) = 475*i**2 - 2*i - 521. What is l(0)?
-521
Let t(w) = -2*w**3 + 192*w**2 - 280*w + 26937. What is t(96)?
57
Let v(r) = 29*r**2 - 3749*r + 889. Give v(129).
-143
Let p(b) = 81*b + 139. Calculate p(4).
463
Let n(t) = -58*t**2 + 220*t + 15. Determine n(5).
-335
Let h(g) = -4*g**2 + 233*g + 547. Give h(65).
-1208
Let p(a) = -3272*a - 81396. Determine p(-23).
-6140
Let c(o) = -3484*o - 16126. What is c(-6)?
4778
Let l(z) = -z**3 - 132*z**2 + 158*z + 3037. What is l(-133)?
-288
Let v(w) = 14*w**3 - 20*w**2 - 1173*w + 2314. Give v(2).
0
Let x(f) = -18*f**2 + 867*f - 7447. Give x(9).
-1102
Let s(r) = r**3 - 1097*r**2 + 96075*r + 21019. What is s(1001)?
-2
Let q(a) = a**2 - 111*a + 2955. Give q(75).
255
Let y(a) = a**3 + 161*a**2 + 882*a - 7429. What is y(-155)?
11
Let j(y) = -3424*y - 54929. What is j(-16)?
-145
Let o(l) = 217*l**2 + 51647*l + 265. Calculate o(-238).
27
Let z(i) = -64*i**3 - 11*i**2 + 277*i + 1234. Give z(-4).
4046
Let c(j) = -4*j**3 - 65*j**2 - 250*j - 2160. What is c(-8)?
-2272
Let j(o) = o**3 + 17*o**2 + 13*o - 234. What is j(-15)?
21
Let j(u) = 567*u - 6082. Calculate j(11).
155
Let j(h) = -h**3 - 34*h**2 - 300*h - 278. Calculate j(-15).
-53
Let q(c) = -2132*c - 229857. Calculate q(-108).
399
Let l(h) = 11431*h - 4229498. What is l(370)?
-28
Let g(t) = t**3 + 30*t**2 - 3*t - 1448. Determine g(0).
-1448
Let g(n) = -119*n - 151. What is g(-1)?
-32
Let q(m) = 1686*m + 26886. Calculate q(-16).
-90
Let u(w) = 4*w**2 - 767*w + 22450. Give u(36).
22
Let o(g) = -g**2 + 776*g - 124643. Give o(227).
-20
Let i(h) = -h**3 + 70*h**2 - 943*h - 1796. Give i(21).
10
Let o(d) = d**3 + 59*d**2 + 312*d - 19. What is o(-8)?
749
Let u(f) = f**3 + 53*f**2 - 1378*f + 163. Calculate u(19).
-27
Let j(x) = -x**3 + 62*x**2 - 782*x + 580. Determine j(45).
-185
Let z(x) = x**3 + 40*x**2 + 50*x - 30. Give z(-38).
958
Let z(j) = 3*j**2 - 7123*j - 100430. Calculate z(-14).
-120
Let y(l) = -24552*l + 1457. Give y(0).
1457
Let a(l) = -5*l**2 - 115*l - 1328. Determine a(-18).
-878
Let r(a) = -a**3 + 32*a**2 + 5684*a + 173. Give r(93).
1196
Let w(q) = 45417*q + 908222. Determine w(-20).
-118
Let y(b) = 441*b**2 + 11849*b - 1512. What is y(-27)?
54
Let h(z) = -105341*z - 1580119. Give h(-15).
-4
Let h(s) = -13*s**2 - 516*s - 3846. Calculate h(-30).
-66
Let q(l) = l**2 - 730*l - 85794. Determine q(-103).
5
Let m(i) = -3273*i**2 + 6532*i - 4. Give m(2).
-32
Let c(g) = g**2 - 1293*g - 732790. Determine c(-426).
-496
Let x(q) = 136*q**2 + 192*q - 30. Give x(-2).
130
Let x(u) = -3*u**3 + 1564*u**2 - 3629*u - 2055. What is x(519)?
21
Let d(n) = -45533*n + 182128. Give d(4).
-4
Let z(y) = -y**3 - 13*y**2 + 16*y - 62. Calculate z(-12).
-398
Let b(j) = -1994*j**2 - 2391*j + 1. Determine b(-1).
398
Let j(d) = 4503*d + 34412. What is j(-7)?
2891
Let s(g) = -9893*g - 1553194. What is s(-157)?
7
Let t(u) = -29279*u - 117053. Calculate t(-4).
63
Let n(t) = 21*t**2 + 92*t + 421. Determine n(-5).
486
Let o(g) = -219*g**2 + 1565*g + 829. Calculate o(8).
-667
Let j(d) = d**3 - 7*d**2 - 272*d + 1073. What is j(4)?
-63
Let g(a) = 601*a**2 - 60*a - 19. What is g(-1)?
642
Let c(g) = -59830*g - 2692333. What is c(-45)?
17
Let n(m) = -77*m**2 + 4156*m - 51134. What is n(35)?
1
Let h(m) = 1594*m - 17816. What is h(11)?
-282
Let u(i) = 650*i - 14785. Give u(21).
-1135
Let v(g) = 3*g**2 + 99*g - 424. Calculate v(-35).
-214
Let d(s) = -2302*s + 147993. Calculate d(64).
665
Let m(c) = 1607*c**2 - 3*c - 15. Give m(1).
1589
Let x(j) = 2*j**3 - 15*j**2 + 24*j - 182. Determine x(5).
-187
Let p(b) = -2879*b**2 + 5771*b - 19. Give p(2).
7
Let o(b) = -b**3 - 153*b**2 - 455*b - 35. Give o(-150).
715
Let u(j) = 768*j - 24406. Calculate u(32).
170
Let m(j) = -j**3 + 436*j**2 - 5068*j - 253. Determine m(12).
-13
Let y(i) = 5*i**2 - 496*i + 4417. Calculate y(9).
358
Let x(t) = -82558*t - 825584. What is x(-10)?
-4
Let a(o) = 165710*o - 828551. Calculate a(5).
-1
Let j(a) = 17*a**3 - 2859*a**2 + 539*a - 5882. What is j(168)?
-2
Let j(w) = 2*w**3 + 31*w**2 + 3*w - 552. What is j(-14)?
-6
Let v(o) = -5480*o - 377818. What is v(-69)?
302
Let i(u) = -u**3 - 43*u**2 + 314*u + 10183. Determine i(-45).
103
Let c(b) = b**3 + 34*b**2 + 140*b - 171. Determine c(-29).
-26
Let r(o) = -5*o**3 - 29*o**2 + 82*o + 133. Give r(-7).
-147
Let m(f) = 4733*f - 19752. Give m(4).
-820
Let w(j) = 7451*j - 3881969. Calculate w(521).
2
Let d(y) = -85*y + 1978. Calculate d(43).
-1677
Let z(o) = 296*o**2 + 871*o + 13. Determine z(0).
13
Let o(c) = -262*c**2 - 5771*c + 112. Give o(-22).
266
Let n(o) = 3519*o - 88022. What is n(25)?
-47
Let q(t) = -3*t**3 - 9*t**2 - 321*t + 1056. Determine q(3).
-69
Let p(h) = -2*h**2 - 1269*h - 90640. What is p(-82)?
-30
Let i(g) = -3*g**3 - 404*g**2 + 1381*g + 148. What is i(-138)?
10
Let f(w) = 20441*w - 899414. Determine f(44).
-10
Let x(i) = 7369*i + 36843. Determine x(-5).
-2
Let o(j) = -9*j**3 + 75*j**2 - 24*j - 27. Calculate o(8).
-27
Let x(r) = -587*r - 3545. Give x(-7).
564
Let w(n) = 182390*n - 5106925. What is w(28)?
-5
Let v(z) = -6367*z - 6184. Give v(-1).
183
Let q(t) = -14*t**3 + 30*t**2 - 7*t - 10. What is q(4)?
-454
Let k(w) = -1021*w - 11349. Determine k(-11).
-118
Let y(b) = 2*b**2 + 527*b - 76917. What is y(-368)?
-5
Let j(a) = -2*a**2 - 56*a - 276. Calculate j(-6).
-12
Let o(n) = -n**3 - 45*n**2 - 941*n - 15717. Calculate o(-31).
0
Let h(y) = 407*y + 11293. What is h(-30)?
-917
Let u(k) = 610*k**3 + 5*k**2 + k - 26. What is u(2)?
4876
Let a(f) = 671*f - 193988. Calculate a(289).
-69
Let b(j) = 12*j**2 - 1238*j + 8633. Calculate b(7).
555
Let c(k) = -1543*k - 42192. Calculate c(-29).
2555
Let o(b) = -165*b**3 + 777*b**2 + 11*b - 3. Calculate o(5).
-1148
Let u(a) = -a**3 - 25*a**2 + 251*a + 5298. What is u(-26)?
-552
Let h(m) = -4*m**3 + 16*m**2 - 17*m - 69. Calculate h(5).
-254
Let a(n) = 30*n**2 + 139*n - 1708. Determine a(6).
206
Let y(o) = -o**3 + 52*o**2 - 603*o + 287. Give y(35).
7
Let q(b) = -645*b - 38048. Give q(-59).
7
Let j(q) = -6*q**2 + 7609*q + 281688. What is j(-36)?
-12
Let y(s) = -4*s**2 - 136*s - 1142. Determine y(-17).
14
Let r(a) = -158*a**2 + 1082*a + 1079. Give r(-1).
-161
Let p(r) = -713*r**2 - 1320*r + 174. Calculate p(-2).
-38
Let q(c) = -c**2 - 91322*c - 547903. What is q(-6)?
-7
Let l(c) = -572*c + 13135. Calculate l(23).
-21
Let u(r) = 1080*r**2 - 14*r - 15. What is u(-1)?
1079
Let x(p) = 18616*p + 893683. What is x(-48)?
115
Let u(p) = -3*p**2 + 5776*p + 170023. Determine u(-29).
-4
L